{"id":205,"date":"2024-10-10T13:12:58","date_gmt":"2024-10-10T13:12:58","guid":{"rendered":"https:\/\/triex.com.uy\/?page_id=205"},"modified":"2024-10-10T14:47:25","modified_gmt":"2024-10-10T14:47:25","slug":"inicio","status":"publish","type":"page","link":"https:\/\/triex.com.uy\/","title":{"rendered":"Inicio"},"content":{"rendered":"\t\t<div data-elementor-type=\"wp-page\" data-elementor-id=\"205\" class=\"elementor elementor-205\">\n\t\t\t\t<div class=\"elementor-element elementor-element-3be3a529 e-flex e-con-boxed e-con e-parent\" data-id=\"3be3a529\" data-element_type=\"container\" data-settings=\"{&quot;background_background&quot;:&quot;video&quot;,&quot;background_video_link&quot;:&quot;https:\\\/\\\/youtu.be\\\/1CcGuj0WEhU&quot;,&quot;background_video_start&quot;:0,&quot;background_video_end&quot;:10}\">\n\t\t\t\t\t<div class=\"e-con-inner\">\n\t\t<div class=\"elementor-background-video-container elementor-hidden-mobile\">\n\t\t\t\t\t\t\t<div class=\"elementor-background-video-embed\"><\/div>\n\t\t\t\t\t\t<\/div>\t\t<div class=\"elementor-element elementor-element-c4bf568 elementor-widget elementor-widget-heading\" data-id=\"c4bf568\" data-element_type=\"widget\" data-widget_type=\"heading.default\">\n\t\t\t\t<div class=\"elementor-widget-container\">\n\t\t\t<h1 class=\"elementor-heading-title elementor-size-default\">Soluciones Simples y  Medioambientalmente Seguras<\/h1>\t\t<\/div>\n\t\t\t\t<\/div>\n\t\t\t\t<div class=\"elementor-element elementor-element-6c682b06 elementor-widget elementor-widget-text-editor\" data-id=\"6c682b06\" data-element_type=\"widget\" data-widget_type=\"text-editor.default\">\n\t\t\t\t<div class=\"elementor-widget-container\">\n\t\t\t\t\t\t\t<p>En TRIEX entendemos la importancia de una gesti\u00f3n responsable de los residuos. Nuestro compromiso es ofrecer soluciones integrales y personalizadas que protejan el ambiente, la salud de los diversos actores y los intereses de nuestros clientes.<\/p><p>Contamos con un equipo con profusa experiencia en gesti\u00f3n de residuos, una red de alianzas que pone al servicio de nuestros clientes las mejores tecnolog\u00edas disponibles en Uruguay y un enfoque proactivo que garantiza el cumplimiento normativo y la minimizaci\u00f3n de riesgos.<\/p>\t\t\t\t\t\t<\/div>\n\t\t\t\t<\/div>\n\t\t\t\t<div class=\"elementor-element elementor-element-2408c435 elementor-mobile-align-center elementor-align-center elementor-widget elementor-widget-button\" data-id=\"2408c435\" data-element_type=\"widget\" data-widget_type=\"button.default\">\n\t\t\t\t<div class=\"elementor-widget-container\">\n\t\t\t\t\t\t\t<div class=\"elementor-button-wrapper\">\n\t\t\t\t\t<a class=\"elementor-button elementor-button-link elementor-size-sm\" href=\"https:\/\/triex.com.uy\/index.php\/contacto\/\">\n\t\t\t\t\t\t<span class=\"elementor-button-content-wrapper\">\n\t\t\t\t\t\t\t\t\t<span class=\"elementor-button-text\">Contacto<\/span>\n\t\t\t\t\t<\/span>\n\t\t\t\t\t<\/a>\n\t\t\t\t<\/div>\n\t\t\t\t\t\t<\/div>\n\t\t\t\t<\/div>\n\t\t\t\t\t<\/div>\n\t\t\t\t<\/div>\n\t\t<div class=\"elementor-element elementor-element-39cda205 e-flex e-con-boxed e-con e-parent\" data-id=\"39cda205\" data-element_type=\"container\">\n\t\t\t\t\t<div class=\"e-con-inner\">\n\t\t\t\t<div class=\"elementor-element elementor-element-3494e91b elementor-widget-divider--view-line elementor-widget elementor-widget-divider\" data-id=\"3494e91b\" data-element_type=\"widget\" data-widget_type=\"divider.default\">\n\t\t\t\t<div class=\"elementor-widget-container\">\n\t\t\t\t\t<div class=\"elementor-divider\">\n\t\t\t<span class=\"elementor-divider-separator\">\n\t\t\t\t\t\t<\/span>\n\t\t<\/div>\n\t\t\t\t<\/div>\n\t\t\t\t<\/div>\n\t\t\t\t\t<\/div>\n\t\t\t\t<\/div>\n\t\t<div class=\"elementor-element elementor-element-25575ed4 e-con-full e-flex e-con e-parent\" data-id=\"25575ed4\" data-element_type=\"container\" data-settings=\"{&quot;background_background&quot;:&quot;classic&quot;}\">\n\t\t<div class=\"elementor-element elementor-element-3f2bdf7 e-con-full e-flex e-con e-child\" data-id=\"3f2bdf7\" data-element_type=\"container\">\n\t\t\t\t<div class=\"elementor-element elementor-element-71276407 elementor-widget__width-initial elementor-widget elementor-widget-heading\" data-id=\"71276407\" data-element_type=\"widget\" data-widget_type=\"heading.default\">\n\t\t\t\t<div class=\"elementor-widget-container\">\n\t\t\t<h1 class=\"elementor-heading-title elementor-size-default\">Transporte entrenado y certificado<\/h1>\t\t<\/div>\n\t\t\t\t<\/div>\n\t\t\t\t<div class=\"elementor-element elementor-element-405af742 elementor-widget elementor-widget-text-editor\" data-id=\"405af742\" data-element_type=\"widget\" data-widget_type=\"text-editor.default\">\n\t\t\t\t<div class=\"elementor-widget-container\">\n\t\t\t\t\t\t\t<p>Desde la recolecci\u00f3n hasta el tratamiento y disposici\u00f3n final, cada paso es realizado con cuidado de la seguridad de los materiales y las personas, en un sistema con trazabilidad.<\/p>\t\t\t\t\t\t<\/div>\n\t\t\t\t<\/div>\n\t\t\t\t<\/div>\n\t\t<div class=\"elementor-element elementor-element-792a3147 e-con-full e-flex e-con e-child\" data-id=\"792a3147\" data-element_type=\"container\">\n\t\t\t\t<div class=\"elementor-element elementor-element-13d9b733 elementor-widget elementor-widget-image\" data-id=\"13d9b733\" data-element_type=\"widget\" data-widget_type=\"image.default\">\n\t\t\t\t<div class=\"elementor-widget-container\">\n\t\t\t\t\t\t\t\t\t\t\t\t\t<img fetchpriority=\"high\" decoding=\"async\" width=\"800\" height=\"600\" src=\"https:\/\/triex.com.uy\/wp-content\/uploads\/2024\/10\/110729-camion-TRIEX-2-contraida-1024x768.jpg\" class=\"attachment-large size-large wp-image-201\" alt=\"\" srcset=\"https:\/\/triex.com.uy\/wp-content\/uploads\/2024\/10\/110729-camion-TRIEX-2-contraida-1024x768.jpg 1024w, https:\/\/triex.com.uy\/wp-content\/uploads\/2024\/10\/110729-camion-TRIEX-2-contraida-300x225.jpg 300w, https:\/\/triex.com.uy\/wp-content\/uploads\/2024\/10\/110729-camion-TRIEX-2-contraida-768x576.jpg 768w, https:\/\/triex.com.uy\/wp-content\/uploads\/2024\/10\/110729-camion-TRIEX-2-contraida.jpg 1143w\" sizes=\"(max-width: 800px) 100vw, 800px\" \/>\t\t\t\t\t\t\t\t\t\t\t\t\t<\/div>\n\t\t\t\t<\/div>\n\t\t\t\t<\/div>\n\t\t\t\t<\/div>\n\t\t<div class=\"elementor-element elementor-element-48cca7ee e-flex e-con-boxed e-con e-parent\" data-id=\"48cca7ee\" data-element_type=\"container\">\n\t\t\t\t\t<div class=\"e-con-inner\">\n\t\t\t\t<div class=\"elementor-element elementor-element-c83c040 elementor-widget-divider--view-line elementor-widget elementor-widget-divider\" data-id=\"c83c040\" data-element_type=\"widget\" data-widget_type=\"divider.default\">\n\t\t\t\t<div class=\"elementor-widget-container\">\n\t\t\t\t\t<div class=\"elementor-divider\">\n\t\t\t<span class=\"elementor-divider-separator\">\n\t\t\t\t\t\t<\/span>\n\t\t<\/div>\n\t\t\t\t<\/div>\n\t\t\t\t<\/div>\n\t\t\t\t\t<\/div>\n\t\t\t\t<\/div>\n\t\t<div class=\"elementor-element elementor-element-112da861 e-flex e-con-boxed e-con e-parent\" data-id=\"112da861\" data-element_type=\"container\">\n\t\t\t\t\t<div class=\"e-con-inner\">\n\t\t<div class=\"elementor-element elementor-element-593043f7 e-con-full e-flex e-con e-child\" data-id=\"593043f7\" data-element_type=\"container\">\n\t\t<div class=\"elementor-element elementor-element-20a9090d e-con-full e-flex e-con e-child\" data-id=\"20a9090d\" data-element_type=\"container\">\n\t\t\t\t<div class=\"elementor-element elementor-element-735115a elementor-widget elementor-widget-image\" data-id=\"735115a\" data-element_type=\"widget\" data-widget_type=\"image.default\">\n\t\t\t\t<div class=\"elementor-widget-container\">\n\t\t\t\t\t\t\t\t\t\t\t\t\t<img decoding=\"async\" width=\"2100\" height=\"1400\" src=\"https:\/\/triex.com.uy\/wp-content\/uploads\/2024\/08\/DSC095576-reducida.jpg\" class=\"attachment-full size-full wp-image-49\" alt=\"\" srcset=\"https:\/\/triex.com.uy\/wp-content\/uploads\/2024\/08\/DSC095576-reducida.jpg 2100w, https:\/\/triex.com.uy\/wp-content\/uploads\/2024\/08\/DSC095576-reducida-300x200.jpg 300w, https:\/\/triex.com.uy\/wp-content\/uploads\/2024\/08\/DSC095576-reducida-1024x683.jpg 1024w, https:\/\/triex.com.uy\/wp-content\/uploads\/2024\/08\/DSC095576-reducida-768x512.jpg 768w, https:\/\/triex.com.uy\/wp-content\/uploads\/2024\/08\/DSC095576-reducida-1536x1024.jpg 1536w, https:\/\/triex.com.uy\/wp-content\/uploads\/2024\/08\/DSC095576-reducida-2048x1365.jpg 2048w\" sizes=\"(max-width: 2100px) 100vw, 2100px\" \/>\t\t\t\t\t\t\t\t\t\t\t\t\t<\/div>\n\t\t\t\t<\/div>\n\t\t\t\t<\/div>\n\t\t\t\t<\/div>\n\t\t<div class=\"elementor-element elementor-element-52bd9b53 e-con-full e-flex e-con e-child\" data-id=\"52bd9b53\" data-element_type=\"container\">\n\t\t\t\t<div class=\"elementor-element elementor-element-2d72af3b elementor-widget elementor-widget-heading\" data-id=\"2d72af3b\" data-element_type=\"widget\" data-widget_type=\"heading.default\">\n\t\t\t\t<div class=\"elementor-widget-container\">\n\t\t\t<h3 class=\"elementor-heading-title elementor-size-default\">Un Equipo con mas de 10 A\u00f1os en la Industria<\/h3>\t\t<\/div>\n\t\t\t\t<\/div>\n\t\t\t\t<div class=\"elementor-element elementor-element-314001a elementor-widget elementor-widget-text-editor\" data-id=\"314001a\" data-element_type=\"widget\" data-widget_type=\"text-editor.default\">\n\t\t\t\t<div class=\"elementor-widget-container\">\n\t\t\t\t\t\t\t<p>Nos diferenciamos por nuestra atenci\u00f3n al cliente y nuestra transparencia en los procesos, porque creemos que una gesti\u00f3n adecuada no solo es una responsabilidad, sino una oportunidad para contribuir a un futuro m\u00e1s sostenible.\u00a0<\/p>\t\t\t\t\t\t<\/div>\n\t\t\t\t<\/div>\n\t\t\t\t<\/div>\n\t\t\t\t\t<\/div>\n\t\t\t\t<\/div>\n\t\t<div class=\"elementor-element elementor-element-486a4cd5 e-flex e-con-boxed e-con e-parent\" data-id=\"486a4cd5\" data-element_type=\"container\">\n\t\t\t\t\t<div class=\"e-con-inner\">\n\t\t\t\t<div class=\"elementor-element elementor-element-6360583d elementor-widget-divider--view-line elementor-widget elementor-widget-divider\" data-id=\"6360583d\" data-element_type=\"widget\" data-widget_type=\"divider.default\">\n\t\t\t\t<div class=\"elementor-widget-container\">\n\t\t\t\t\t<div class=\"elementor-divider\">\n\t\t\t<span class=\"elementor-divider-separator\">\n\t\t\t\t\t\t<\/span>\n\t\t<\/div>\n\t\t\t\t<\/div>\n\t\t\t\t<\/div>\n\t\t\t\t\t<\/div>\n\t\t\t\t<\/div>\n\t\t<div class=\"elementor-element elementor-element-10f92ee4 e-con-full e-flex e-con e-parent\" data-id=\"10f92ee4\" data-element_type=\"container\" id=\"next\">\n\t\t\t\t<div class=\"elementor-element elementor-element-de13bd elementor-widget elementor-widget-heading\" data-id=\"de13bd\" data-element_type=\"widget\" data-widget_type=\"heading.default\">\n\t\t\t\t<div class=\"elementor-widget-container\">\n\t\t\t<p class=\"elementor-heading-title elementor-size-default\"> Elige TRIEX: juntos, transformamos el desaf\u00edo de los residuos en un paso hacia la sostenibilidad.<\/p>\t\t<\/div>\n\t\t\t\t<\/div>\n\t\t\t\t<\/div>\n\t\t<footer class=\"elementor-element elementor-element-168a83fc e-con-full e-flex e-con e-parent\" data-id=\"168a83fc\" data-element_type=\"container\">\n\t\t<div class=\"elementor-element elementor-element-12182ca5 e-con-full e-flex e-con e-child\" data-id=\"12182ca5\" data-element_type=\"container\">\n\t\t\t\t<div class=\"elementor-element elementor-element-19310579 elementor-widget elementor-widget-google_maps\" data-id=\"19310579\" data-element_type=\"widget\" data-widget_type=\"google_maps.default\">\n\t\t\t\t<div class=\"elementor-widget-container\">\n\t\t\t\t\t<div class=\"elementor-custom-embed\">\n\t\t\t<iframe loading=\"lazy\"\n\t\t\t\t\tsrc=\"https:\/\/maps.google.com\/maps?q=Haiti%201500&#038;t=m&#038;z=10&#038;output=embed&#038;iwloc=near\"\n\t\t\t\t\ttitle=\"Haiti 1500\"\n\t\t\t\t\taria-label=\"Haiti 1500\"\n\t\t\t><\/iframe>\n\t\t<\/div>\n\t\t\t\t<\/div>\n\t\t\t\t<\/div>\n\t\t\t\t<\/div>\n\t\t<div class=\"elementor-element elementor-element-bb194a3 e-con-full e-flex e-con e-child\" data-id=\"bb194a3\" data-element_type=\"container\">\n\t\t\t\t<div class=\"elementor-element elementor-element-342a68e8 elementor-icon-list--layout-inline elementor-tablet-align-center elementor-align-center elementor-list-item-link-full_width elementor-widget elementor-widget-icon-list\" data-id=\"342a68e8\" data-element_type=\"widget\" data-widget_type=\"icon-list.default\">\n\t\t\t\t<div class=\"elementor-widget-container\">\n\t\t\t\t\t<ul class=\"elementor-icon-list-items elementor-inline-items\">\n\t\t\t\t\t\t\t<li class=\"elementor-icon-list-item elementor-inline-item\">\n\t\t\t\t\t\t\t\t\t\t<span class=\"elementor-icon-list-text\">23129042<\/span>\n\t\t\t\t\t\t\t\t\t<\/li>\n\t\t\t\t\t\t\t\t<li class=\"elementor-icon-list-item elementor-inline-item\">\n\t\t\t\t\t\t\t\t\t\t<span class=\"elementor-icon-list-text\">Haiti 1500<\/span>\n\t\t\t\t\t\t\t\t\t<\/li>\n\t\t\t\t\t\t\t\t<li class=\"elementor-icon-list-item elementor-inline-item\">\n\t\t\t\t\t\t\t\t\t\t<span class=\"elementor-icon-list-text\">Lun-Vie 7:00AM - 5:00PM<\/span>\n\t\t\t\t\t\t\t\t\t<\/li>\n\t\t\t\t\t\t<\/ul>\n\t\t\t\t<\/div>\n\t\t\t\t<\/div>\n\t\t\t\t<\/div>\n\t\t<div class=\"elementor-element elementor-element-35272978 e-con-full e-flex e-con e-child\" data-id=\"35272978\" data-element_type=\"container\">\n\t\t\t\t<div class=\"elementor-element elementor-element-6f328fb2 e-grid-align-right e-grid-align-tablet-right e-grid-align-mobile-center elementor-widget-mobile__width-inherit elementor-shape-rounded elementor-grid-0 elementor-widget elementor-widget-social-icons\" data-id=\"6f328fb2\" data-element_type=\"widget\" data-widget_type=\"social-icons.default\">\n\t\t\t\t<div class=\"elementor-widget-container\">\n\t\t\t\t\t<div class=\"elementor-social-icons-wrapper elementor-grid\">\n\t\t\t\t\t\t\t<span class=\"elementor-grid-item\">\n\t\t\t\t\t<a class=\"elementor-icon elementor-social-icon elementor-social-icon-facebook-f elementor-repeater-item-3f1b7ac\" href=\"https:\/\/www.facebook.com\/p\/Triex-Gestion-de-Residuos-100064820778873\/\" target=\"_blank\">\n\t\t\t\t\t\t<span class=\"elementor-screen-only\">Facebook-f<\/span>\n\t\t\t\t\t\t<svg class=\"e-font-icon-svg e-fab-facebook-f\" viewBox=\"0 0 320 512\" xmlns=\"http:\/\/www.w3.org\/2000\/svg\"><path d=\"M279.14 288l14.22-92.66h-88.91v-60.13c0-25.35 12.42-50.06 52.24-50.06h40.42V6.26S260.43 0 225.36 0c-73.22 0-121.08 44.38-121.08 124.72v70.62H22.89V288h81.39v224h100.17V288z\"><\/path><\/svg>\t\t\t\t\t<\/a>\n\t\t\t\t<\/span>\n\t\t\t\t\t\t\t<span class=\"elementor-grid-item\">\n\t\t\t\t\t<a class=\"elementor-icon elementor-social-icon elementor-social-icon-instagram elementor-repeater-item-828f132\" href=\"https:\/\/www.instagram.com\/triexgestionde\/\" target=\"_blank\">\n\t\t\t\t\t\t<span class=\"elementor-screen-only\">Instagram<\/span>\n\t\t\t\t\t\t<svg class=\"e-font-icon-svg e-fab-instagram\" viewBox=\"0 0 448 512\" xmlns=\"http:\/\/www.w3.org\/2000\/svg\"><path d=\"M224.1 141c-63.6 0-114.9 51.3-114.9 114.9s51.3 114.9 114.9 114.9S339 319.5 339 255.9 287.7 141 224.1 141zm0 189.6c-41.1 0-74.7-33.5-74.7-74.7s33.5-74.7 74.7-74.7 74.7 33.5 74.7 74.7-33.6 74.7-74.7 74.7zm146.4-194.3c0 14.9-12 26.8-26.8 26.8-14.9 0-26.8-12-26.8-26.8s12-26.8 26.8-26.8 26.8 12 26.8 26.8zm76.1 27.2c-1.7-35.9-9.9-67.7-36.2-93.9-26.2-26.2-58-34.4-93.9-36.2-37-2.1-147.9-2.1-184.9 0-35.8 1.7-67.6 9.9-93.9 36.1s-34.4 58-36.2 93.9c-2.1 37-2.1 147.9 0 184.9 1.7 35.9 9.9 67.7 36.2 93.9s58 34.4 93.9 36.2c37 2.1 147.9 2.1 184.9 0 35.9-1.7 67.7-9.9 93.9-36.2 26.2-26.2 34.4-58 36.2-93.9 2.1-37 2.1-147.8 0-184.8zM398.8 388c-7.8 19.6-22.9 34.7-42.6 42.6-29.5 11.7-99.5 9-132.1 9s-102.7 2.6-132.1-9c-19.6-7.8-34.7-22.9-42.6-42.6-11.7-29.5-9-99.5-9-132.1s-2.6-102.7 9-132.1c7.8-19.6 22.9-34.7 42.6-42.6 29.5-11.7 99.5-9 132.1-9s102.7-2.6 132.1 9c19.6 7.8 34.7 22.9 42.6 42.6 11.7 29.5 9 99.5 9 132.1s2.7 102.7-9 132.1z\"><\/path><\/svg>\t\t\t\t\t<\/a>\n\t\t\t\t<\/span>\n\t\t\t\t\t<\/div>\n\t\t\t\t<\/div>\n\t\t\t\t<\/div>\n\t\t\t\t<\/div>\n\t\t\t\t<\/footer>\n\t\t\t\t<\/div>\n\t\t","protected":false},"excerpt":{"rendered":"<p>Soluciones Simples y Medioambientalmente Seguras En TRIEX entendemos la importancia de una gesti\u00f3n responsable de los residuos. Nuestro compromiso es ofrecer soluciones integrales y personalizadas que protejan el ambiente, la salud de los diversos actores y los intereses de nuestros clientes. Contamos con un equipo con profusa experiencia en gesti\u00f3n de residuos, una red de [&hellip;]<\/p>\n","protected":false},"author":1,"featured_media":0,"parent":0,"menu_order":0,"comment_status":"closed","ping_status":"closed","template":"","meta":{"footnotes":""},"class_list":["post-205","page","type-page","status-publish","hentry"],"_links":{"self":[{"href":"https:\/\/triex.com.uy\/index.php\/wp-json\/wp\/v2\/pages\/205","targetHints":{"allow":["GET"]}}],"collection":[{"href":"https:\/\/triex.com.uy\/index.php\/wp-json\/wp\/v2\/pages"}],"about":[{"href":"https:\/\/triex.com.uy\/index.php\/wp-json\/wp\/v2\/types\/page"}],"author":[{"embeddable":true,"href":"https:\/\/triex.com.uy\/index.php\/wp-json\/wp\/v2\/users\/1"}],"replies":[{"embeddable":true,"href":"https:\/\/triex.com.uy\/index.php\/wp-json\/wp\/v2\/comments?post=205"}],"version-history":[{"count":22,"href":"https:\/\/triex.com.uy\/index.php\/wp-json\/wp\/v2\/pages\/205\/revisions"}],"predecessor-version":[{"id":299,"href":"https:\/\/triex.com.uy\/index.php\/wp-json\/wp\/v2\/pages\/205\/revisions\/299"}],"wp:attachment":[{"href":"https:\/\/triex.com.uy\/index.php\/wp-json\/wp\/v2\/media?parent=205"}],"curies":[{"name":"wp","href":"https:\/\/api.w.org\/{rel}","templated":true}]}}